{"version":"1.0","provider_name":"Tessi International","provider_url":"https:\/\/www.tessi.eu\/fr\/","title":"Acc\u00e9l\u00e9rer sa transformation digitale - Interview de Virginie Degeorgis","type":"rich","width":600,"height":338,"html":"<blockquote class=\"wp-embedded-content\" data-secret=\"sBSreZMZof\"><a href=\"https:\/\/www.tessi.eu\/fr\/accelerer-sa-transformation-digitale-itw-de-virginie-degeorgis\/\">Acc\u00e9l\u00e9rer sa transformation digitale &#8211; Interview de Virginie Degeorgis<\/a><\/blockquote><iframe sandbox=\"allow-scripts\" security=\"restricted\" src=\"https:\/\/www.tessi.eu\/fr\/accelerer-sa-transformation-digitale-itw-de-virginie-degeorgis\/embed\/#?secret=sBSreZMZof\" width=\"600\" height=\"338\" title=\"\u00ab\u00a0Acc\u00e9l\u00e9rer sa transformation digitale &#8211; Interview de Virginie Degeorgis\u00a0\u00bb &#8212; Tessi International\" data-secret=\"sBSreZMZof\" frameborder=\"0\" marginwidth=\"0\" marginheight=\"0\" scrolling=\"no\" class=\"wp-embedded-content\"><\/iframe><script type=\"text\/javascript\">\n\/* <![CDATA[ *\/\n\/*! This file is auto-generated *\/\n!function(d,l){\"use strict\";l.querySelector&&d.addEventListener&&\"undefined\"!=typeof URL&&(d.wp=d.wp||{},d.wp.receiveEmbedMessage||(d.wp.receiveEmbedMessage=function(e){var t=e.data;if((t||t.secret||t.message||t.value)&&!\/[^a-zA-Z0-9]\/.test(t.secret)){for(var s,r,n,a=l.querySelectorAll('iframe[data-secret=\"'+t.secret+'\"]'),o=l.querySelectorAll('blockquote[data-secret=\"'+t.secret+'\"]'),c=new RegExp(\"^https?:$\",\"i\"),i=0;i<o.length;i++)o[i].style.display=\"none\";for(i=0;i<a.length;i++)s=a[i],e.source===s.contentWindow&&(s.removeAttribute(\"style\"),\"height\"===t.message?(1e3<(r=parseInt(t.value,10))?r=1e3:~~r<200&&(r=200),s.height=r):\"link\"===t.message&&(r=new URL(s.getAttribute(\"src\")),n=new URL(t.value),c.test(n.protocol))&&n.host===r.host&&l.activeElement===s&&(d.top.location.href=t.value))}},d.addEventListener(\"message\",d.wp.receiveEmbedMessage,!1),l.addEventListener(\"DOMContentLoaded\",function(){for(var e,t,s=l.querySelectorAll(\"iframe.wp-embedded-content\"),r=0;r<s.length;r++)(t=(e=s[r]).getAttribute(\"data-secret\"))||(t=Math.random().toString(36).substring(2,12),e.src+=\"#?secret=\"+t,e.setAttribute(\"data-secret\",t)),e.contentWindow.postMessage({message:\"ready\",secret:t},\"*\")},!1)))}(window,document);\n\/\/# sourceURL=https:\/\/www.tessi.eu\/wp-includes\/js\/wp-embed.min.js\n\/* ]]> *\/\n<\/script>\n","thumbnail_url":"https:\/\/tessi.on-web.fr\/wp-content\/uploads\/2021\/02\/degeorgis-medef-vignette.jpg","thumbnail_width":506,"thumbnail_height":398,"description":"Compte tenu du contexte actuel, les entreprises qui avaient bien avanc\u00e9e sur leur transformation digitale ont pu tirer leur \u00e9pingle du jeu. Les autres se sont vite rendues compte de la n\u00e9cessit\u00e9 d\u2019acc\u00e9l\u00e9rer leur digitalisation."}

Accélérer sa transformation digitale - Interview de Virginie Degeorgis

<blockquote class="wp-embedded-content" data-secret="sBSreZMZof"><a href="https://www.tessi.eu/fr/accelerer-sa-transformation-digitale-itw-de-virginie-degeorgis/">Accélérer sa transformation digitale &#8211; Interview de Virginie Degeorgis</a></blockquote><iframe sandbox="allow-scripts" security="restricted" src="https://www.tessi.eu/fr/accelerer-sa-transformation-digitale-itw-de-virginie-degeorgis/embed/#?secret=sBSreZMZof" width="600" height="338" title="« Accélérer sa transformation digitale &#8211; Interview de Virginie Degeorgis » &#8212; Tessi International" data-secret="sBSreZMZof" frameborder="0" marginwidth="0" marginheight="0" scrolling="no" class="wp-embedded-content"></iframe><script type="text/javascript">
/* <![CDATA[ */
/*! This file is auto-generated */
!function(d,l){"use strict";l.querySelector&&d.addEventListener&&"undefined"!=typeof URL&&(d.wp=d.wp||{},d.wp.receiveEmbedMessage||(d.wp.receiveEmbedMessage=function(e){var t=e.data;if((t||t.secret||t.message||t.value)&&!/[^a-zA-Z0-9]/.test(t.secret)){for(var s,r,n,a=l.querySelectorAll('iframe[data-secret="'+t.secret+'"]'),o=l.querySelectorAll('blockquote[data-secret="'+t.secret+'"]'),c=new RegExp("^https?:$","i"),i=0;i<o.length;i++)o[i].style.display="none";for(i=0;i<a.length;i++)s=a[i],e.source===s.contentWindow&&(s.removeAttribute("style"),"height"===t.message?(1e3<(r=parseInt(t.value,10))?r=1e3:~~r<200&&(r=200),s.height=r):"link"===t.message&&(r=new URL(s.getAttribute("src")),n=new URL(t.value),c.test(n.protocol))&&n.host===r.host&&l.activeElement===s&&(d.top.location.href=t.value))}},d.addEventListener("message",d.wp.receiveEmbedMessage,!1),l.addEventListener("DOMContentLoaded",function(){for(var e,t,s=l.querySelectorAll("iframe.wp-embedded-content"),r=0;r<s.length;r++)(t=(e=s[r]).getAttribute("data-secret"))||(t=Math.random().toString(36).substring(2,12),e.src+="#?secret="+t,e.setAttribute("data-secret",t)),e.contentWindow.postMessage({message:"ready",secret:t},"*")},!1)))}(window,document);
//# sourceURL=https://www.tessi.eu/wp-includes/js/wp-embed.min.js
/* ]]> */
</script>

Compte tenu du contexte actuel, les entreprises qui avaient bien avancée sur leur transformation digitale ont pu tirer leur épingle du jeu. Les autres se sont vite rendues compte de la nécessité d’accélérer leur digitalisation.
